
Let j = -14 - -19. Let n(l) = -l**3 + 6 - 2*l**3 - 6*l**2 + 4*l**3 + l + j*l**2. Let v be (-2)/6 + 1/3. Determine n(v).
6
Let p be (((-200)/(-16))/(-1) + 12)*2. Let m(l) = -26*l**3 - 11*l**2 + 2. Let a(d) = -13*d**3 - 6*d**2 + 1. Let h(f) = 11*a(f) - 6*m(f). What is h(p)?
-14
Let u = 11 - 19. Let f(j) be the second derivative of j**3/6 - j**2 - 72*j - 1. Give f(u).
-10
Let a(r) = 5*r + 6. Suppose -32 = i - 5*t - 12, 4*i - t = 15. Suppose -4*b - 20 = 2*l, -i*b = 2*l - l + 25. Determine a(b).
-19
Let y be (-2)/(-1*(-2)/(-7)). Let c(o) be the first derivative of o**2/2 + 2*o + 539. Calculate c(y).
9
Let z(s) = 5071 + 5068 - 3*s - 10140. Let u = 2 + -3. Calculate z(u).
2
Let x(p) be the first derivative of -p**3/3 - 5*p**2 - 22*p - 474. Determine x(-8).
-6
Let p(g) = -g**2 + 11*g - 2 + 0 + 4*g**3 - 8*g. Calculate p(2).
32
Let c(b) = b**2 - 5*b. Let d = 14 - 13. Suppose d = -2*j + 15. Suppose o + o + 18 = 4*f, -3*o = -f + j. What is c(f)?
-4
Suppose -63 = -27*m + 36*m. Let b(x) = -3*x - 15. Determine b(m).
6
Let h(c) = 15*c**3 + 8*c**2 + 9*c + 21. Let d(r) = -22*r**3 - 8*r**2 - 10*r - 23. Let j(u) = 2*d(u) + 3*h(u). Give j(-7).
17
Let t(p) = p**2 + p. Let j be t(2). Let b(v) = v**2 - 7*v + 8. Calculate b(j).
2
Let j(u) be the third derivative of -11*u**2 + 0*u + 1/24*u**4 + 0 + 1/120*u**6 + 0*u**5 + 7/3*u**3. Determine j(0).
14
Let q(m) be the second derivative of m**4/6 + 11*m**3/6 - m**2 + 564*m. Determine q(-8).
38
Let r = -4 + 4. Let q be r/(-4 + 1) + -2. Let j(k) = -k**2 - k + 1. What is j(q)?
-1
Suppose 4*x - 35 = -46*x + 65. Let d(l) = 1 - 2*l - 6 + 3. Give d(x).
-6
Let j(s) = -s**3 + 20*s**2 - 21*s + 43. Let g be j(19). Let o(i) = -i + 5. Give o(g).
0
Let i(f) = 6 - 8*f**2 + f**3 + 3*f + 3 - 5 + 6. Let g(p) = 7*p. Let b be g(1). What is i(b)?
-18
Let d(w) = -w + 18. Let k = 557 + -551. Determine d(k).
12
Let r(t) = -t**2 - 7*t - 4. Suppose 2*j - 5*g + 13 = 4*j, 3*j = 5*g + 7. Suppose 3 = -j*b - 17. Give r(b).
6
Let n(o) = o**2 - 4*o + 2. Let g(v) = -v**3 + 15*v**2 + 4*v - 56. Let p be g(15). Calculate n(p).
2
Let d(a) be the second derivative of 1/6*a**3 + 1/6*a**4 + 0*a**2 - 21*a + 0. What is d(-1)?
1
Let b(z) = 62*z - 380. Let g be b(6). Let v(h) = 5*h + 40. What is v(g)?
0
Suppose 4*v - 48 = -0*v. Let q be v/8 - 85/10. Let j(d) = -2*d - 8. What is j(q)?
6
Let r(u) = -3 - 4*u + 5*u + u. Let p(i) = -4*i + i + 2 - i + i. Let c(z) = -3*p(z) - 4*r(z). Calculate c(-6).
0
Let k be 4 + (2 + -3)*1. Suppose 2*n = k*n + 2. Let l be (-2 - -2) + n + 0. Let j(b) = b**3 + b**2 - 2*b + 1. Give j(l).
1
Let i(v) = -7*v**2 - 2*v - 1. Let a(f) = -4*f + 3. Let b be a(-2). Let t = 10 - b. Let c be i(t). Let p(w) = -w**2 - 6*w - 7. Give p(c).
-7
Let j(z) = 11*z**3 + 18*z**2 - 10*z + 2. Let k(q) = 6*q**3 + 10*q**2 - 5*q + 2. Let t(w) = -4*j(w) + 7*k(w). What is t(-2)?
4
Let n = 155 + -158. Let g(k) = -k + 4. Let p(o) = -5. Let y(v) = 4*g(v) + 3*p(v). Let a(c) = -5*c + 1. Let h(w) = 5*a(w) - 6*y(w). What is h(n)?
2
Let u(l) = 2*l**3 + 2*l**2 - 3*l - 3. Let r(f) = f + 2. Let p(w) = -2*w - 5. Let j(m) = 6*p(m) + 17*r(m). Let v be j(-5). Let s be (2/3)/(7/v). Calculate u(s).
-5
Suppose 16 = 4*b - 4*l, -5*b + 12 = 8*l - 5*l. Let n(u) be the third derivative of 0 + 2*u**2 + 0*u + 1/24*u**4 + 7/6*u**b. Calculate n(-3).
4
Let p(w) = -w**3 - w**2 + w. Let x(n) = 2*n**3 - 3*n**2 - 9*n - 4. Let q(b) = -p(b) - x(b). What is q(6)?
-20
Let m(t) = -t - 1. Let r be (-2)/(2/(-10)*2). Suppose 2*b = r*b. Suppose b = j - 4 + 2. Give m(j).
-3
Suppose 2*o + 4 = 3*o + 4*z, -2*o - 2*z + 8 = 0. Let n(h) = 3*h**2 - 9 - o*h**2 - h + 14*h - 5*h. What is n(6)?
3
Let s(a) = -a**2 + a + 3. Let h(c) = -c**2 - 6*c + 4. Let f be h(-6). Suppose 4*l = 3*l + f. Suppose -l*y = -y + 9. Calculate s(y).
-9
Let m = 10 + -4. Suppose 10 = -5*r + 7*r. Let f(c) = 10*c - c - 5*c - r*c - 3. What is f(m)?
-9
Let m(o) = -6*o**2. Suppose 0 = 2*h + 39 - 43. Suppose 0 = -5*l - x - 4, -h*x = 4*l - x + 3. Determine m(l).
-6
Let g(a) = a**3 + 7*a**2 - 48*a - 319. Let c be g(-8). Let u(d) = 2*d**3 - 2*d**2 + d. Give u(c).
1
Let o(x) = 4*x - 1. Suppose 0 = -11*n + 62 - 128. Calculate o(n).
-25
Suppose 0 = -13*d + 3*d + 40. Let p(q) = -d*q - q + 6*q + 11. Determine p(-8).
3
Let r = -13 + 7. Let i(w) = 3*w**2 + 2*w + 1. Let p be i(-1). Let t(k) = k**2 + 5 - p*k**2 - 3 - 6*k. Determine t(r).
2
Let p = -14 + 9. Let m(f) be the third derivative of 0*f - 1/15*f**5 + 0 - 5/6*f**3 - 5*f**2 + 1/8*f**4 - 1/120*f**6. Calculate m(p).
5
Let l(d) be the second derivative of d**4/12 - 13*d**3/6 + 13*d**2/2 + 79*d. Give l(12).
1
Let w(h) be the first derivative of 4*h**2 - 65*h - 187. What is w(9)?
7
Let n(v) = -3 - 3 - 2*v - 1. Let f = -1234 - -1228. Calculate n(f).
5
Let b(a) be the second derivative of 0*a**2 - 21*a + 1/6*a**3 + 0. Determine b(-3).
-3
Let u(o) = -3*o + 144 - 47 - 46 + 5*o - o**2 - 54. Give u(1).
-2
Let w(n) = -3*n - 3 + 2*n**2 - 2*n + 7 + 0*n**2. Suppose y - 2 = -4*k + 13, 4*y = -2*k + 18. What is w(y)?
7
Let t(j) = -3*j**2 - j + 1. Let w = -1264 + 1266. Give t(w).
-13
Suppose -2*i + 1 = 5. Let m(p) = -p**3 - p**2 - p - 1. Let s(d) = -4*d**3 - 4*d**2 - 7*d - 7. Let b(y) = -5*m(y) + s(y). Give b(i).
-2
Let r(g) = -g**2 + g - 30. Suppose -2*l = -2*l - 4*l. Determine r(l).
-30
Let a(v) be the second derivative of v**4/12 + v**2/2 + 56*v. Suppose 3*q + 1 = -2. What is a(q)?
2
Let m(j) = -3*j. Let s be m(-2). Let t(r) = 15*r - 9. Let d(x) = 7*x - 4. Let w(y) = s*t(y) - 13*d(y). Let n = 343 + -347. Determine w(n).
2
Let i(v) = -10*v + 1. Suppose -5*t = 4*w - 1, 8*w - 2*t + 10 = 12*w. Determine i(w).
-39
Suppose -3*z = 1 - 7, -2*y - 2*z = -40. Suppose 0 = -2*c + 4*v, 0*c - 4*c + y = v. Let r(n) = -n**2 + 6*n - 1. Determine r(c).
7
Let v = 26 - 18. Let a(h) = v + h + 2*h**2 - 2*h - 3*h**2. Let c be (-2 - 15/(-3)) + 0 + -3. Give a(c).
8
Let t = -360 - -1081/3. Let n(c) be the second derivative of 1/6*c**4 + 0 + 3*c + 3/2*c**2 - 1/20*c**5 - t*c**3. Calculate n(2).
-1
Let m(y) = -9*y**2 - 4*y**2 - y + 10*y**2 - y**3 + 0*y**2. Let w = 2 + -3. Determine m(w).
-1
Let x(y) = y**3 + 3*y**2 + 1. Let b be x(-3). Let t be -1*-5*b - -1. Let u(m) = 11 - 31 - 6*m + 3 + m**2 + 9. Calculate u(t).
-8
Let t(x) be the third derivative of 1/6*x**4 + 0*x + 0 + 1/6*x**3 - 16*x**2. What is t(2)?
9
Let o = -44 - -46. Suppose -4*d + 2*z + 6 = -3*d, -4*d + 30 = -o*z. Let v(n) = 1 - 1 + 4 + 8 - n. Determine v(d).
4
Let f = -18 - -28. Suppose -f - 10 = -5*z. Let s(a) = -5*a - 4*a**3 + 6*a - z*a + 5*a**3 + 1. Give s(2).
3
Let z(t) = -11*t. Suppose -2*f = -4*f - 6. Let v be f/((-1)/2*3). Suppose -3*p + v*p = -1. Calculate z(p).
-11
Let w(k) = 7*k - 3. Suppose 2*s + 7 = -1. Let u be (-14)/s*16/28. Determine w(u).
11
Let k(q) = 197 - 98 - 98 - 5*q. Calculate k(-2).
11
Let i(g) = -g + 5. Let k = -6 - -10. Calculate i(k).
1
Suppose -4*q - 4*h + 18 = -26, 3*h - 44 = -4*q. Let l(m) = m**2 - 14*m - 3. Give l(q).
-36
Let i be 8/(-36) - 80/(-36). Let a(c) = -2*c + c**2 + c**3 + 1 + c**2 - 6*c**2 - c**i. Let f be 6 - (0/1 - -1). Give a(f).
-9
Let c(z) = z**3 - 4*z**2 - 4*z + 6. Let n(d) = -d**3 - 49*d**2 - 44*d + 196. Let g be n(-48). Determine c(g).
-10
Let t(u) = 3*u**2 + 79*u - 46. Let f(a) = a**2 + 27*a - 17. Let m(r) = -17*f(r) + 6*t(r). Determine m(-14).
-1
Let x(n) be the first derivative of -n**3 + 3*n**2 + 4*n - 353. What is x(-1)?
-5
Let u(f) = -10. Let m(j) = -3*j**2 - 48*j - 31. Let y(t) = m(t) - 3*u(t). Give y(-16).
-1
Suppose -5*b = -f - 10, 40*f - 35*f + 6 = 3*b. Let c(l) = 5*l + 1. Let s(y) = 2*y. Let x(t) = 3*c(t) - 8*s(t). Give x(f).
3
Let i = 309 + -305. Let j(u) = -u**3 + 4*u**2 - u - 2. Calculate j(i).
-6
Let w(c) be the first derivative of 3*c**2 + 5*c + 1/3*c**3 + 6. Let l = -4 + 0. Determine w(l).
-3
Let l(i) = 3*i. Let k be 5/(-6 + (-35)/(-10)). Calculate l(k).
-6
Let b(p) be the first derivative of p**4/4 - 2*p**3/3 - 5*p**2/2 - 3*p - 706. Determine b(-2).
-9
Let y(z) = -5*z**2 + z + 1. Let v(s) = -7*s**2 + s + 2. Let m(k) = 2*v(k) - 3*y(k). Calculate m(3).
7
Suppose -4*w = -22 + 6. Let f be (-7 + 3)/((-2)/1). Let r(c) = 159*c**2 - 7*c - 158*c**f + 0*c + 5. Determine r(w).
-7
Let v(i) = i**2 + 6*i - 8. Let s be (-4)/(-2) + (-7)/(-1). Suppose 0 = 5*b + 21 + s. Calculate v(b).
-8
Let r(h) = h**3 - 4*h**2 - 8*h - 1. Let b(s) = -s**3